{"id":32,"date":"2025-06-09T13:00:47","date_gmt":"2025-06-09T13:00:47","guid":{"rendered":"https:\/\/www.antonellasera.it\/?page_id=32"},"modified":"2026-02-08T21:12:32","modified_gmt":"2026-02-08T21:12:32","slug":"live","status":"publish","type":"page","link":"https:\/\/www.antonellasera.it\/?page_id=32","title":{"rendered":"Live"},"content":{"rendered":"\t\t<div data-elementor-type=\"wp-page\" data-elementor-id=\"32\" class=\"elementor elementor-32\" data-elementor-post-type=\"page\">\n\t\t\t\t<div class=\"elementor-element elementor-element-9f1e984 e-flex e-con-boxed e-con e-parent\" data-id=\"9f1e984\" data-element_type=\"container\" data-e-type=\"container\">\n\t\t\t\t\t<div class=\"e-con-inner\">\n\t\t<div class=\"elementor-element elementor-element-bac587f e-con-full e-flex e-con e-child\" data-id=\"bac587f\" data-element_type=\"container\" data-e-type=\"container\">\n\t\t\t\t<div class=\"elementor-element elementor-element-5376f6e elementor-widget elementor-widget-image\" data-id=\"5376f6e\" data-element_type=\"widget\" data-e-type=\"widget\" data-widget_type=\"image.default\">\n\t\t\t\t\t\t\t\t\t\t\t\t\t\t\t<img fetchpriority=\"high\" decoding=\"async\" width=\"771\" height=\"1024\" src=\"https:\/\/www.antonellasera.it\/wp-content\/uploads\/2026\/02\/Cartolina-Fronte-771x1024.jpg\" class=\"attachment-large size-large wp-image-150\" alt=\"\" srcset=\"https:\/\/www.antonellasera.it\/wp-content\/uploads\/2026\/02\/Cartolina-Fronte-771x1024.jpg 771w, https:\/\/www.antonellasera.it\/wp-content\/uploads\/2026\/02\/Cartolina-Fronte-226x300.jpg 226w, https:\/\/www.antonellasera.it\/wp-content\/uploads\/2026\/02\/Cartolina-Fronte-768x1019.jpg 768w, https:\/\/www.antonellasera.it\/wp-content\/uploads\/2026\/02\/Cartolina-Fronte.jpg 904w\" sizes=\"(max-width: 771px) 100vw, 771px\" \/>\t\t\t\t\t\t\t\t\t\t\t\t\t\t\t<\/div>\n\t\t\t\t<\/div>\n\t\t<div class=\"elementor-element elementor-element-b74cb6b e-con-full e-flex e-con e-child\" data-id=\"b74cb6b\" data-element_type=\"container\" data-e-type=\"container\">\n\t\t\t\t<div class=\"elementor-element elementor-element-cbb6b45 elementor-widget elementor-widget-heading\" data-id=\"cbb6b45\" data-element_type=\"widget\" data-e-type=\"widget\" data-widget_type=\"heading.default\">\n\t\t\t\t\t<h2 class=\"elementor-heading-title elementor-size-default\">Live<\/h2>\t\t\t\t<\/div>\n\t\t\t\t<div class=\"elementor-element elementor-element-60f3343 elementor-widget-divider--view-line elementor-widget elementor-widget-divider\" data-id=\"60f3343\" data-element_type=\"widget\" data-e-type=\"widget\" data-widget_type=\"divider.default\">\n\t\t\t\t\t\t\t<div class=\"elementor-divider\">\n\t\t\t<span class=\"elementor-divider-separator\">\n\t\t\t\t\t\t<\/span>\n\t\t<\/div>\n\t\t\t\t\t\t<\/div>\n\t\t\t\t<div class=\"elementor-element elementor-element-29559ed elementor-widget elementor-widget-text-editor\" data-id=\"29559ed\" data-element_type=\"widget\" data-e-type=\"widget\" data-widget_type=\"text-editor.default\">\n\t\t\t\t\t\t\t\t\t<p><strong>Cuore<\/strong><\/p>\t\t\t\t\t\t\t\t<\/div>\n\t\t\t\t<div class=\"elementor-element elementor-element-ad877b8 elementor-widget elementor-widget-text-editor\" data-id=\"ad877b8\" data-element_type=\"widget\" data-e-type=\"widget\" data-widget_type=\"text-editor.default\">\n\t\t\t\t\t\t\t\t\t<p>(sono <strong>SOLO<\/strong> canzoni d&#8217;amore)<\/p>\t\t\t\t\t\t\t\t<\/div>\n\t\t\t\t<div class=\"elementor-element elementor-element-e8b58a8 elementor-widget elementor-widget-text-editor\" data-id=\"e8b58a8\" data-element_type=\"widget\" data-e-type=\"widget\" data-widget_type=\"text-editor.default\">\n\t\t\t\t\t\t\t\t\t<p>Un nuovo progetto artistico, un nuovo lavoro discografico, un concerto live dove si parla di Amore, questa parola cos\u00ec spesso maltrattata ma che riesce a mantenerci vivi oltre qualsiasi aspettativa.<\/p><p>Antonella Ser\u00e0, raffinata interprete e cantautrice originale, attraverso la sua voce riesce a diffondere armonia e il suo prezioso curriculum la rende artista solida e non omologata.<\/p><p>Il titolo \u201c<strong>sono <span style=\"color: #ff0000;\">solo<\/span> canzoni d\u2019Amore<\/strong>\u201d suona come un\u2019ironica provocazione e vuole richiamare l\u2019attenzione verso un sentimento forte e concreto, di cui non vergognarsi, verso le sue molte forme ed intensit\u00e0, verso il suo esistere in ogni cosa che ci circonda.<\/p><p>Attraverso le composizioni inedite di Antonella Ser\u00e0 e alcune cover brasiliane in questo spettacolo live si parler\u00e0 di Amore per la vita, per la musica, per s\u00e9 stessi, di Amore passionale e unico, di quello che ti travolge, che ti delude, che riaffiora, che finisce, che ti rende felice.<\/p><p>La scelta degli strumenti e le sonorit\u00e0 che ne scaturiscono, rispecchiano il mood a volte malinconico e a volte frizzante che la contraddistingue.<\/p><p>Con questo spettacolo Antonella Ser\u00e0 riprende il suo percorso artistico per ritornare ad emozionarsi e a coinvolgere il pubblico in un viaggio fatto di eufon\u00eca ed est\u00e8tica perch\u00e9 \u201ccon la musica \u2026 si pu\u00f2!\u201d<\/p><p>Una performance da non perdere!<\/p>\t\t\t\t\t\t\t\t<\/div>\n\t\t\t\t<\/div>\n\t\t\t\t\t<\/div>\n\t\t\t\t<\/div>\n\t\t\t\t<\/div>\n\t\t","protected":false},"excerpt":{"rendered":"<p>Live Cuore (sono SOLO canzoni d&#8217;amore) Un nuovo progetto artistico, un nuovo lavoro discografico, un concerto live dove si parla di Amore, questa parola cos\u00ec spesso maltrattata ma che riesce a mantenerci vivi oltre qualsiasi aspettativa. Antonella Ser\u00e0, raffinata interprete e cantautrice originale, attraverso la sua voce riesce a diffondere armonia e il suo prezioso [&hellip;]<\/p>\n","protected":false},"author":1,"featured_media":0,"parent":0,"menu_order":0,"comment_status":"closed","ping_status":"closed","template":"elementor_header_footer","meta":{"footnotes":""},"class_list":["post-32","page","type-page","status-publish","hentry"],"_links":{"self":[{"href":"https:\/\/www.antonellasera.it\/index.php?rest_route=\/wp\/v2\/pages\/32","targetHints":{"allow":["GET"]}}],"collection":[{"href":"https:\/\/www.antonellasera.it\/index.php?rest_route=\/wp\/v2\/pages"}],"about":[{"href":"https:\/\/www.antonellasera.it\/index.php?rest_route=\/wp\/v2\/types\/page"}],"author":[{"embeddable":true,"href":"https:\/\/www.antonellasera.it\/index.php?rest_route=\/wp\/v2\/users\/1"}],"replies":[{"embeddable":true,"href":"https:\/\/www.antonellasera.it\/index.php?rest_route=%2Fwp%2Fv2%2Fcomments&post=32"}],"version-history":[{"count":16,"href":"https:\/\/www.antonellasera.it\/index.php?rest_route=\/wp\/v2\/pages\/32\/revisions"}],"predecessor-version":[{"id":156,"href":"https:\/\/www.antonellasera.it\/index.php?rest_route=\/wp\/v2\/pages\/32\/revisions\/156"}],"wp:attachment":[{"href":"https:\/\/www.antonellasera.it\/index.php?rest_route=%2Fwp%2Fv2%2Fmedia&parent=32"}],"curies":[{"name":"wp","href":"https:\/\/api.w.org\/{rel}","templated":true}]}}